{"id":14806,"date":"2023-06-29T10:01:46","date_gmt":"2023-06-29T16:01:46","guid":{"rendered":"https:\/\/www.cancun.tecnm.mx\/?page_id=14806"},"modified":"2023-06-29T10:01:46","modified_gmt":"2023-06-29T16:01:46","slug":"ingenieria-ferroviaria","status":"publish","type":"page","link":"https:\/\/jbmtecnologias.com\/tec\/ingenieria-ferroviaria\/","title":{"rendered":"Ingenier\u00eda Ferroviaria"},"content":{"rendered":"\t\t<div data-elementor-type=\"wp-page\" data-elementor-id=\"14806\" class=\"elementor elementor-14806\" data-elementor-settings=\"{&quot;ha_cmc_init_switcher&quot;:&quot;no&quot;}\">\n\t\t\t\t<div class=\"elementor-element elementor-element-c25fcf7 e-flex e-con-boxed e-con e-parent\" data-id=\"c25fcf7\" data-element_type=\"container\" data-settings=\"{&quot;_ha_eqh_enable&quot;:false}\">\n\t\t\t\t\t<div class=\"e-con-inner\">\n\t\t<div class=\"elementor-element elementor-element-6560598 e-con-full e-flex e-con e-child\" data-id=\"6560598\" data-element_type=\"container\" data-settings=\"{&quot;_ha_eqh_enable&quot;:false}\">\n\t\t\t\t<\/div>\n\t\t<div class=\"elementor-element elementor-element-f20ec71 e-con-full e-flex e-con e-child\" data-id=\"f20ec71\" data-element_type=\"container\" data-settings=\"{&quot;_ha_eqh_enable&quot;:false}\">\n\t\t\t\t<div class=\"elementor-element elementor-element-fc9ce2c elementor-widget elementor-widget-image\" data-id=\"fc9ce2c\" data-element_type=\"widget\" data-widget_type=\"image.default\">\n\t\t\t\t<div class=\"elementor-widget-container\">\n\t\t\t\t\t\t\t\t\t\t\t\t\t\t\t<img decoding=\"async\" src=\"https:\/\/www.cancun.tecnm.mx\/wp-content\/uploads\/2024\/02\/OIG1.jpg\" title=\"\" alt=\"\" loading=\"lazy\" \/>\t\t\t\t\t\t\t\t\t\t\t\t\t\t\t<\/div>\n\t\t\t\t<\/div>\n\t\t\t\t<\/div>\n\t\t<div class=\"elementor-element elementor-element-6c6f4df e-con-full e-flex e-con e-child\" data-id=\"6c6f4df\" data-element_type=\"container\" data-settings=\"{&quot;_ha_eqh_enable&quot;:false}\">\n\t\t\t\t<\/div>\n\t\t\t\t\t<\/div>\n\t\t\t\t<\/div>\n\t\t<div class=\"elementor-element elementor-element-7c6f9cc1 e-flex e-con-boxed e-con e-parent\" data-id=\"7c6f9cc1\" data-element_type=\"container\" data-settings=\"{&quot;_ha_eqh_enable&quot;:false}\">\n\t\t\t\t\t<div class=\"e-con-inner\">\n\t\t\t\t<div class=\"elementor-element elementor-element-7de6b213 elementor-widget elementor-widget-text-editor\" data-id=\"7de6b213\" data-element_type=\"widget\" data-widget_type=\"text-editor.default\">\n\t\t\t\t<div class=\"elementor-widget-container\">\n\t\t\t\t\t\t\t\t\t<div style=\"width: 90% !important; text-align: left;\">\n<p>\u00a0<span style=\"font-family: Arial, sans-serif; font-size: 12pt; color: var( --e-global-color-text ); font-weight: var( --e-global-typography-text-font-weight );\">Pero detr\u00e1s de cada tramo de v\u00eda f\u00e9rrea hay desaf\u00edos que requieren ingenieros apasionados. Desde la planificaci\u00f3n hasta la implementaci\u00f3n, la<\/span><\/p>\n<p class=\"MsoNormal\" style=\"margin-bottom: 0cm; line-height: normal; background-image: initial; background-position: initial; background-size: initial; background-repeat: initial; background-attachment: initial; background-origin: initial; background-clip: initial;\"><span style=\"font-size: 12pt; font-family: Arial, sans-serif;\">ingenier\u00eda ferroviaria exige una mente creativa y<\/span><span style=\"font-size: 12pt; font-family: Roboto;\">\u00a0resolutiva.<\/span><\/p>\n<p class=\"MsoNormal\" style=\"margin-bottom: 0cm; line-height: normal; background-image: initial; background-position: initial; background-size: initial; background-repeat: initial; background-attachment: initial; background-origin: initial; background-clip: initial;\"><span style=\"font-size: 12pt; font-family: Arial, sans-serif;\">magina la importancia de tu trabajo. Cada dise\u00f1o, cada decisi\u00f3n, afecta a miles de vidas. T\u00fa, como ingeniero ferroviario, eres el arquitecto de la conectividad, el constructor de puentes que acorta distancias y facilita el intercambio de ideas.<\/span><\/p>\n<p class=\"MsoNormal\" style=\"margin-bottom: 0cm; line-height: normal; background-image: initial; background-position: initial; background-size: initial; background-repeat: initial; background-attachment: initial; background-origin: initial; background-clip: initial;\"><span style=\"font-size: 12pt; font-family: Arial, sans-serif;\">Imagina la satisfacci\u00f3n de ver tus ideas cobrando vida, de presenciar c\u00f3mo tus esfuerzos construyen puentes f\u00edsicos y metaf\u00f3ricos. La ingenier\u00eda ferroviaria no es solo una carrera, es una oportunidad de ser parte de algo m\u00e1s grande<\/span><\/p>\n<p class=\"MsoNormal\" style=\"margin-bottom: 0cm; line-height: normal; background-image: initial; background-position: initial; background-size: initial; background-repeat: initial; background-attachment: initial; background-origin: initial; background-clip: initial;\"><span style=\"font-size: 12pt; font-family: Arial, sans-serif;\">Entra en el fascinante mundo de la ingenier\u00eda ferroviaria, donde cada d\u00eda es un viaje hacia nuevas posibilidades. El tren del progreso est\u00e1 listo para partir, y tu creatividad es el combustible que lo impulsa. \u00bfEst\u00e1s listo para construir el futuro sobre rieles?<\/span><\/p>\n<center><center><\/center><img decoding=\"async\" src=\"https:\/\/www.cancun.tecnm.mx\/wp-content\/uploads\/2023\/06\/you-1.png\" data-wp-editing=\"1\" \/><\/center>\n<p>\u00a0<\/p>\n<p>\u00a0<\/p>\n<h1 style=\"text-align: center; margin-top: 3%;\">Ingenier\u00eda Ferroviaria IFER-2023-244<\/h1>\n<p><span style=\"color: var( --e-global-color-text ); font-family: 'Open Sans', Arial, sans-serif; font-weight: var( --e-global-typography-text-font-weight );\">#S\u00fabeteAlTren, Es un nuevo servicio de transporte f\u00e9rreo que interconecta las principales ciudades y zonas tur\u00edsticas de la pen\u00ednsula de Yucat\u00e1n. El Tren Maya es un proyecto que fortalecer\u00e1 el ordenamiento territorial de la regi\u00f3n y potencializar\u00e1 la industria tur\u00edstica de la misma.<\/span><\/p>\n<p>\u00a0<\/p>\n<p><span style=\"color: var( --e-global-color-text ); font-family: 'Open Sans', Arial, sans-serif; font-weight: var( --e-global-typography-text-font-weight );\">A trav\u00e9s de su ruta de mil 500 kil\u00f3metros, el Tren Maya conectar\u00e1 los estados de Yucat\u00e1n, Quintana Roo, Campeche, Chiapas y Tabasco, donde se podr\u00e1n visitar algunos de los sitios m\u00e1s ic\u00f3nicos en materia de Turismo de Naturaleza y Turismo Cultural, como M\u00e9rida, Canc\u00fan, Chetumal, Campeche y Palenque<\/span><\/p>\n<p><span style=\"font-size: 16px; color: var( --e-global-color-text ); font-weight: var( --e-global-typography-text-font-weight );\">\u00a0<\/span><\/p>\n<p><span style=\"font-size: 16px; color: var( --e-global-color-text ); font-weight: var( --e-global-typography-text-font-weight );\">Objetivo General<\/span><\/p>\n<p><span style=\"font-size: 16px; color: var( --e-global-color-text ); font-weight: var( --e-global-typography-text-font-weight );\">\u2022 Formar profesionales con sentido humano y visi\u00f3n anal\u00edtica e innovadora; con capacidad y habilidad de dise\u00f1ar, construir y mantener sistemas ferroviarios, en un marco de desarrollo sostenible, con \u00e9tica y compromiso social.<\/span><\/p>\n<p><span style=\"color: var( --e-global-color-text ); font-weight: var( --e-global-typography-text-font-weight ); font-size: 16px;\">Perfil de Egreso<\/span><\/p>\n<p><span style=\"font-size: 16px; color: var( --e-global-color-text ); font-weight: var( --e-global-typography-text-font-weight );\">1. Planea, construye y controla procesos de instalaci\u00f3n, actualizaci\u00f3n, operaci\u00f3n y mantenimiento de los sistemas ferroviarios, conforme a la normatividad vigente considerando el impacto ambiental.<\/span><\/p>\n<p><span style=\"font-size: 16px; color: var( --e-global-color-text ); font-weight: var( --e-global-typography-text-font-weight );\">2. Resuelve problemas relacionados con la industria ferroviaria, utilizando herramientas matem\u00e1ticas, t\u00e9cnicas de simulaci\u00f3n y modelos de an\u00e1lisis, atendiendo necesidades sociales, actuales y emergentes.<\/span><\/p>\n<p><span style=\"font-size: 16px; color: var( --e-global-color-text ); font-weight: var( --e-global-typography-text-font-weight );\">3. Utiliza y adapta nuevas tecnolog\u00edas para la mejora en los procesos de sistemas ferroviarios.<\/span><\/p>\n<p><span style=\"font-size: 16px; color: var( --e-global-color-text ); font-weight: var( --e-global-typography-text-font-weight );\">4. Emplea t\u00e9cnicas de control de calidad para optimizar el uso de los recursos en los sistemas ferroviarios<\/span><\/p>\n<p><span style=\"font-size: 16px; color: var( --e-global-color-text ); font-weight: var( --e-global-typography-text-font-weight );\">5. Posee capacidad de trabajo en equipo y liderazgo que facilite la soluci\u00f3n de problemas<\/span><\/p>\n<p><span style=\"font-size: 16px; color: var( --e-global-color-text ); font-weight: var( --e-global-typography-text-font-weight );\">6. Desarrolla y ejecuta proyectos con responsabilidad social, sentido cr\u00edtico y autocr\u00edtico.<\/span><\/p>\n<p><span style=\"font-size: 16px; color: var( --e-global-color-text ); font-weight: var( --e-global-typography-text-font-weight );\">7. Aplica principios \u00e9ticos y se comunica de manera efectiva, transmitiendo sus ideas y conocimiento para la soluci\u00f3n de problemas y desarrollo de proyectos.<\/span><\/p>\n<\/div>\n<p><!-- \/wp:html --><\/p>\t\t\t\t\t\t\t\t<\/div>\n\t\t\t\t<\/div>\n\t\t\t\t\t<\/div>\n\t\t\t\t<\/div>\n\t\t<div class=\"elementor-element elementor-element-7176115 e-flex e-con-boxed e-con e-parent\" data-id=\"7176115\" data-element_type=\"container\" data-settings=\"{&quot;_ha_eqh_enable&quot;:false}\">\n\t\t\t\t\t<div class=\"e-con-inner\">\n\t\t\t\t<div class=\"elementor-element elementor-element-e2f95bd elementor-widget elementor-widget-image\" data-id=\"e2f95bd\" data-element_type=\"widget\" data-widget_type=\"image.default\">\n\t\t\t\t<div class=\"elementor-widget-container\">\n\t\t\t\t\t\t\t\t\t\t\t\t\t\t\t<img decoding=\"async\" src=\"https:\/\/www.cancun.tecnm.mx\/wp-content\/uploads\/2024\/01\/oficialReticula_Ing._Ferroviaria_Estructura_generica_clavesen_proceso1-1.png\" title=\"\" alt=\"\" loading=\"lazy\" \/>\t\t\t\t\t\t\t\t\t\t\t\t\t\t\t<\/div>\n\t\t\t\t<\/div>\n\t\t\t\t\t<\/div>\n\t\t\t\t<\/div>\n\t\t<div class=\"elementor-element elementor-element-9f72a65 e-flex e-con-boxed e-con e-parent\" data-id=\"9f72a65\" data-element_type=\"container\" data-settings=\"{&quot;_ha_eqh_enable&quot;:false}\">\n\t\t\t\t\t<div class=\"e-con-inner\">\n\t\t\t\t\t<\/div>\n\t\t\t\t<\/div>\n\t\t\t\t<\/div>\n\t\t","protected":false},"excerpt":{"rendered":"<p>\u00a0Pero detr\u00e1s de cada tramo de v\u00eda f\u00e9rrea hay desaf\u00edos que requieren ingenieros apasionados. Desde la planificaci\u00f3n hasta la implementaci\u00f3n, la ingenier\u00eda ferroviaria exige una mente creativa y\u00a0resolutiva. magina la importancia de tu trabajo. Cada dise\u00f1o, cada decisi\u00f3n, afecta a miles de vidas. T\u00fa, como ingeniero ferroviario, eres el arquitecto de la conectividad, el constructor [&hellip;]<\/p>\n","protected":false},"author":1,"featured_media":0,"parent":0,"menu_order":0,"comment_status":"closed","ping_status":"closed","template":"","meta":{"footnotes":""},"class_list":["post-14806","page","type-page","status-publish","hentry"],"_links":{"self":[{"href":"https:\/\/jbmtecnologias.com\/tec\/wp-json\/wp\/v2\/pages\/14806","targetHints":{"allow":["GET"]}}],"collection":[{"href":"https:\/\/jbmtecnologias.com\/tec\/wp-json\/wp\/v2\/pages"}],"about":[{"href":"https:\/\/jbmtecnologias.com\/tec\/wp-json\/wp\/v2\/types\/page"}],"author":[{"embeddable":true,"href":"https:\/\/jbmtecnologias.com\/tec\/wp-json\/wp\/v2\/users\/1"}],"replies":[{"embeddable":true,"href":"https:\/\/jbmtecnologias.com\/tec\/wp-json\/wp\/v2\/comments?post=14806"}],"version-history":[{"count":0,"href":"https:\/\/jbmtecnologias.com\/tec\/wp-json\/wp\/v2\/pages\/14806\/revisions"}],"wp:attachment":[{"href":"https:\/\/jbmtecnologias.com\/tec\/wp-json\/wp\/v2\/media?parent=14806"}],"curies":[{"name":"wp","href":"https:\/\/api.w.org\/{rel}","templated":true}]}}