{"id":14240,"date":"2023-03-31T17:54:33","date_gmt":"2023-03-31T23:54:33","guid":{"rendered":"https:\/\/www.cancun.tecnm.mx\/?page_id=14240"},"modified":"2023-03-31T17:54:33","modified_gmt":"2023-03-31T23:54:33","slug":"notitec","status":"publish","type":"page","link":"https:\/\/jbmtecnologias.com\/tec\/notitec\/","title":{"rendered":"NotiTec"},"content":{"rendered":"\n<p><\/p>\n\n\n\n<hr class=\"wp-block-separator has-text-color has-black-color has-alpha-channel-opacity has-black-background-color has-background is-style-dots\"\/>\n\n\n<div class=\"wp-block-archives-dropdown wp-block-archives has-small-font-size\"><label for=\"wp-block-archives-1\" class=\"wp-block-archives__label\">Archivos<\/label>\n\t\t<select id=\"wp-block-archives-1\" name=\"archive-dropdown\">\n\t\t<option value=\"\">Seleccionar a\u00f1o<\/option>\t<option value='https:\/\/jbmtecnologias.com\/tec\/2024\/'> 2024 &nbsp;(9)<\/option>\n\t<option value='https:\/\/jbmtecnologias.com\/tec\/2023\/'> 2023 &nbsp;(41)<\/option>\n\t<option value='https:\/\/jbmtecnologias.com\/tec\/2022\/'> 2022 &nbsp;(31)<\/option>\n\t<option value='https:\/\/jbmtecnologias.com\/tec\/2021\/'> 2021 &nbsp;(3)<\/option>\n\t<option value='https:\/\/jbmtecnologias.com\/tec\/2020\/'> 2020 &nbsp;(27)<\/option>\n\t<option value='https:\/\/jbmtecnologias.com\/tec\/2019\/'> 2019 &nbsp;(37)<\/option>\n\t<option value='https:\/\/jbmtecnologias.com\/tec\/2018\/'> 2018 &nbsp;(26)<\/option>\n\t<option value='https:\/\/jbmtecnologias.com\/tec\/2017\/'> 2017 &nbsp;(50)<\/option>\n\t<option value='https:\/\/jbmtecnologias.com\/tec\/2016\/'> 2016 &nbsp;(23)<\/option>\n<\/select><script type=\"text\/javascript\">\n\/* <![CDATA[ *\/\n( ( [ dropdownId, homeUrl ] ) => {\n\t\tconst dropdown = document.getElementById( dropdownId );\n\t\tfunction onSelectChange() {\n\t\t\tsetTimeout( () => {\n\t\t\t\tif ( 'escape' === dropdown.dataset.lastkey ) {\n\t\t\t\t\treturn;\n\t\t\t\t}\n\t\t\t\tif ( dropdown.value ) {\n\t\t\t\t\tlocation.href = dropdown.value;\n\t\t\t\t}\n\t\t\t}, 250 );\n\t\t}\n\t\tfunction onKeyUp( event ) {\n\t\t\tif ( 'Escape' === event.key ) {\n\t\t\t\tdropdown.dataset.lastkey = 'escape';\n\t\t\t} else {\n\t\t\t\tdelete dropdown.dataset.lastkey;\n\t\t\t}\n\t\t}\n\t\tfunction onClick() {\n\t\t\tdelete dropdown.dataset.lastkey;\n\t\t}\n\t\tdropdown.addEventListener( 'keyup', onKeyUp );\n\t\tdropdown.addEventListener( 'click', onClick );\n\t\tdropdown.addEventListener( 'change', onSelectChange );\n\t} )( [\"wp-block-archives-1\",\"https:\/\/jbmtecnologias.com\/tec\"] );\n\/\/# sourceURL=block_core_archives_build_dropdown_script\n\/* ]]> *\/\n<\/script>\n<\/div>\n\n\n<div class=\"wp-block-query is-layout-flow wp-block-query-is-layout-flow\"><ul style=\"font-style:normal;font-weight:300;\" class=\"aligncenter wp-block-post-template has-small-font-size is-layout-flow wp-block-post-template-is-layout-flow\"><li class=\"wp-block-post post-16842 post type-post status-publish format-standard has-post-thumbnail hentry category-academicas category-investigacion\">\n<div class=\"wp-block-post-date has-medium-font-size\"><time datetime=\"2024-11-24T18:36:09+00:00\">24 noviembre, 2024<\/time><\/div>\n\n\n\n<h2 style=\"background-color:#abb7c29c; font-size:15px;\" class=\"wp-block-post-title has-text-color has-black-color has-background\"><a href=\"https:\/\/jbmtecnologias.com\/tec\/2024\/11\/24\/el-instituto-tecnologico-de-cancun-destaca-en-taller-internacional-sobre-energias-sostenibles-en-singapur\/\" target=\"_blank\" >El Instituto Tecnol\u00f3gico de Canc\u00fan Destaca en Taller Internacional sobre Energ\u00edas Sostenibles en Singapur.<\/a><\/h2>\n\n<a style=\"text-decoration:underline;\" class=\"wp-block-read-more has-text-color has-black-color has-small-font-size\" href=\"https:\/\/jbmtecnologias.com\/tec\/2024\/11\/24\/el-instituto-tecnologico-de-cancun-destaca-en-taller-internacional-sobre-energias-sostenibles-en-singapur\/\" target=\"_blank\">Leer Mas<span class=\"screen-reader-text\">: El Instituto Tecnol\u00f3gico de Canc\u00fan Destaca en Taller Internacional sobre Energ\u00edas Sostenibles en Singapur.<\/span><\/a>\n\n\n<hr class=\"wp-block-separator has-alpha-channel-opacity\"\/>\n\n<\/li><li class=\"wp-block-post post-16722 post type-post status-publish format-standard has-post-thumbnail hentry category-academicas category-noticias\">\n<div class=\"wp-block-post-date has-medium-font-size\"><time datetime=\"2024-08-21T18:38:38+00:00\">21 agosto, 2024<\/time><\/div>\n\n\n\n<h2 style=\"background-color:#abb7c29c; font-size:15px;\" class=\"wp-block-post-title has-text-color has-black-color has-background\"><a href=\"https:\/\/jbmtecnologias.com\/tec\/2024\/08\/21\/estudiante-del-instituto-tecnologico-de-cancun-participara-en-programa-internacional-de-la-nasa\/\" target=\"_blank\" >Estudiante del Instituto Tecnol\u00f3gico de Canc\u00fan Participar\u00e1 en Programa Internacional de la NASA.<\/a><\/h2>\n\n<a style=\"text-decoration:underline;\" class=\"wp-block-read-more has-text-color has-black-color has-small-font-size\" href=\"https:\/\/jbmtecnologias.com\/tec\/2024\/08\/21\/estudiante-del-instituto-tecnologico-de-cancun-participara-en-programa-internacional-de-la-nasa\/\" target=\"_blank\">Leer Mas<span class=\"screen-reader-text\">: Estudiante del Instituto Tecnol\u00f3gico de Canc\u00fan Participar\u00e1 en Programa Internacional de la NASA.<\/span><\/a>\n\n\n<hr class=\"wp-block-separator has-alpha-channel-opacity\"\/>\n\n<\/li><li class=\"wp-block-post post-16705 post type-post status-publish format-standard has-post-thumbnail hentry category-noticias\">\n<div class=\"wp-block-post-date has-medium-font-size\"><time datetime=\"2024-08-12T14:54:50+00:00\">12 agosto, 2024<\/time><\/div>\n\n\n\n<h2 style=\"background-color:#abb7c29c; font-size:15px;\" class=\"wp-block-post-title has-text-color has-black-color has-background\"><a href=\"https:\/\/jbmtecnologias.com\/tec\/2024\/08\/12\/mara-lezama-gobernadora-de-quintana-roo-destaca-la-ingenieria-ferroviaria-del-tecnm-cancun-en-conferencia-nacional-con-el-presidente-lopez-obrador\/\" target=\"_blank\" ><strong>Mara Lezama Gobernadora de Quintana Roo Destaca la Ingenier\u00eda Ferroviaria del TecNM Canc\u00fan en Conferencia Nacional con el presidente L\u00f3pez Obrador.<\/strong><\/a><\/h2>\n\n<a style=\"text-decoration:underline;\" class=\"wp-block-read-more has-text-color has-black-color has-small-font-size\" href=\"https:\/\/jbmtecnologias.com\/tec\/2024\/08\/12\/mara-lezama-gobernadora-de-quintana-roo-destaca-la-ingenieria-ferroviaria-del-tecnm-cancun-en-conferencia-nacional-con-el-presidente-lopez-obrador\/\" target=\"_blank\">Leer Mas<span class=\"screen-reader-text\">: <strong>Mara Lezama Gobernadora de Quintana Roo Destaca la Ingenier\u00eda Ferroviaria del TecNM Canc\u00fan en Conferencia Nacional con el presidente L\u00f3pez Obrador.<\/strong><\/span><\/a>\n\n\n<hr class=\"wp-block-separator has-alpha-channel-opacity\"\/>\n\n<\/li><\/ul>\n\n<nav class=\"wp-block-query-pagination is-layout-flex wp-block-query-pagination-is-layout-flex\" aria-label=\"Paginaci\u00f3n\">\n\n\n<div class=\"wp-block-query-pagination-numbers\"><span aria-current=\"page\" class=\"page-numbers current\">1<\/span>\n<a class=\"page-numbers\" href=\"?query-8-page=2\">2<\/a>\n<a class=\"page-numbers\" href=\"?query-8-page=3\">3<\/a>\n<span class=\"page-numbers dots\">&hellip;<\/span>\n<a class=\"page-numbers\" href=\"?query-8-page=83\">83<\/a><\/div>\n\n<a href=\"\/tec\/wp-json\/wp\/v2\/pages\/14240?query-8-page=2\" class=\"wp-block-query-pagination-next\">P\u00e1gina siguiente<\/a>\n<\/nav>\n\n\n<hr class=\"wp-block-separator has-alpha-channel-opacity is-style-dots\"\/>\n<\/div>\n","protected":false},"excerpt":{"rendered":"","protected":false},"author":1,"featured_media":0,"parent":0,"menu_order":0,"comment_status":"closed","ping_status":"closed","template":"","meta":{"footnotes":""},"class_list":["post-14240","page","type-page","status-publish","hentry"],"_links":{"self":[{"href":"https:\/\/jbmtecnologias.com\/tec\/wp-json\/wp\/v2\/pages\/14240","targetHints":{"allow":["GET"]}}],"collection":[{"href":"https:\/\/jbmtecnologias.com\/tec\/wp-json\/wp\/v2\/pages"}],"about":[{"href":"https:\/\/jbmtecnologias.com\/tec\/wp-json\/wp\/v2\/types\/page"}],"author":[{"embeddable":true,"href":"https:\/\/jbmtecnologias.com\/tec\/wp-json\/wp\/v2\/users\/1"}],"replies":[{"embeddable":true,"href":"https:\/\/jbmtecnologias.com\/tec\/wp-json\/wp\/v2\/comments?post=14240"}],"version-history":[{"count":0,"href":"https:\/\/jbmtecnologias.com\/tec\/wp-json\/wp\/v2\/pages\/14240\/revisions"}],"wp:attachment":[{"href":"https:\/\/jbmtecnologias.com\/tec\/wp-json\/wp\/v2\/media?parent=14240"}],"curies":[{"name":"wp","href":"https:\/\/api.w.org\/{rel}","templated":true}]}}