{"id":1331,"date":"2015-08-11T02:58:24","date_gmt":"2015-08-11T08:58:24","guid":{"rendered":"http:\/\/www.itcancun.edu.mx\/?page_id=1331"},"modified":"2015-08-11T02:58:24","modified_gmt":"2015-08-11T08:58:24","slug":"actividades-extraescolares","status":"publish","type":"page","link":"https:\/\/jbmtecnologias.com\/tec\/estudiantes\/actividades-extraescolares\/","title":{"rendered":"ACTIVIDADES EXTRAESCOLARES"},"content":{"rendered":"<p>[spoiler title=&#8221;DEPARTAMENTO DE ACTIVIDADES EXTRAESCOLARES&#8221;]<br \/>\nFUNCI\u00d3N DEL DEPARTAMENTO<\/p>\n<p>Planear, coordinar, controlar y evaluar los programas de actividades culturales, deportivas y recreativas, que promuevan la formaci\u00f3n integral de los alumnos del instituto tecnol\u00f3gico. Coordinar la formaci\u00f3n de equipos deportivos y grupos culturales, los cuales representen a la instituci\u00f3n en eventos regionales, estatales y nacionales. Organizar y promover eventos culturales deportivos y recreativos entre el instituto tecnol\u00f3gico y otras instituciones de la regi\u00f3n. Desarrollar programas orientados al estudio, conservaci\u00f3n, expresi\u00f3n y difusi\u00f3n, de las artes, artesan\u00edas, tradiciones, danzas, m\u00fasica, costumbres y espect\u00e1culos populares.<\/p>\n<p>[\/spoiler]<\/p>\n<p>[spoiler title=&#8221;ACTIVIDADES&#8221;]<\/p>\n<p><a href=\"http:\/\/www.itcancun.edu.mx\/wp-content\/uploads\/2015\/08\/CAMPO-FUTBOL.png\"><img fetchpriority=\"high\" decoding=\"async\" class=\"alignnone size-medium wp-image-1337\" src=\"http:\/\/www.itcancun.edu.mx\/wp-content\/uploads\/2015\/08\/CAMPO-FUTBOL-300x200.png\" alt=\"CAMPO-FUTBOL\" width=\"300\" height=\"200\" \/><\/a><br \/>\nPromoci\u00f3n Deportiva. Promoci\u00f3n Cultural y C\u00edvica.<br \/>\n[\/spoiler]<\/p>\n<p>[spoiler title=&#8221;EVENTOS EN LOS QUE PARTICIPAMOS&#8221;]<br \/>\n&#8211; Torneos Municipales de Primera Fuerza.<\/p>\n<p><a href=\"http:\/\/www.itcancun.edu.mx\/wp-content\/uploads\/2015\/08\/fut1.png\"><img decoding=\"async\" class=\"alignnone size-medium wp-image-1339\" src=\"http:\/\/www.itcancun.edu.mx\/wp-content\/uploads\/2015\/08\/fut1-300x225.png\" alt=\"fut1\" width=\"300\" height=\"225\" \/><\/a><br \/>\n&#8211; Universidad Nacional (Intramuros, Estatal, Regional y Nacional).<\/p>\n<p><a href=\"http:\/\/www.itcancun.edu.mx\/wp-content\/uploads\/2015\/08\/bas.png\"><img decoding=\"async\" class=\"alignnone size-medium wp-image-1341\" src=\"http:\/\/www.itcancun.edu.mx\/wp-content\/uploads\/2015\/08\/bas-300x225.png\" alt=\"bas\" width=\"300\" height=\"225\" \/><\/a><br \/>\n&#8211; Inter Tecnol\u00f3gicos Pre-nacional y Nacional.<br \/>\n&#8211; Festival Nacional de Arte y Cultura.<\/p>\n<p><a href=\"http:\/\/www.itcancun.edu.mx\/wp-content\/uploads\/2015\/08\/esc.png\"><img loading=\"lazy\" decoding=\"async\" class=\"alignnone size-medium wp-image-1338\" src=\"http:\/\/www.itcancun.edu.mx\/wp-content\/uploads\/2015\/08\/esc-300x225.png\" alt=\"esc\" width=\"300\" height=\"225\" \/><\/a><br \/>\n&#8211; Encuentro Nacional de Bandas de Guerra y Escoltas.<\/p>\n<p><a href=\"http:\/\/www.itcancun.edu.mx\/wp-content\/uploads\/2015\/08\/b_guerra.png\"><img loading=\"lazy\" decoding=\"async\" class=\"alignnone size-medium wp-image-1340\" src=\"http:\/\/www.itcancun.edu.mx\/wp-content\/uploads\/2015\/08\/b_guerra-300x225.png\" alt=\"b_guerra\" width=\"300\" height=\"225\" \/><\/a><br \/>\n[\/spoiler]<\/p>\n<p>[spoiler title=&#8221;PR\u00d3XIMOS EVENTOS&#8221;]<br \/>\nPR\u00d3XIMOS EVENTOS 20 Noviembre \u2013 Desfile deportivo<br \/>\n[\/spoiler]<\/p>\n<p>[spoiler title=&#8221;REGLAMENTOS E INSTRUCTIVOS&#8221;]<br \/>\n* Reglamento de Actividades Culturales y Deportivas.<br \/>\n* Reglamento de Eventos Deportivos.<br \/>\n* Instructivo de Participaci\u00f3n en el Festival Nacional de Arte y Cultura.<br \/>\n* Instructivo de Participaci\u00f3n para el Encuentro Nacional de Bandas de Guerra y Escoltas.<br \/>\n[\/spoiler]<\/p>\n","protected":false},"excerpt":{"rendered":"<p>[spoiler title=&#8221;DEPARTAMENTO DE ACTIVIDADES EXTRAESCOLARES&#8221;] FUNCI\u00d3N DEL DEPARTAMENTO Planear, coordinar, controlar y evaluar los programas de actividades culturales, deportivas y recreativas, que promuevan la formaci\u00f3n integral de los alumnos del instituto tecnol\u00f3gico. Coordinar la formaci\u00f3n de equipos deportivos y grupos culturales, los cuales representen a la instituci\u00f3n en eventos regionales, estatales y nacionales. Organizar y [&hellip;]<\/p>\n","protected":false},"author":1,"featured_media":0,"parent":1468,"menu_order":5,"comment_status":"open","ping_status":"closed","template":"","meta":{"footnotes":""},"class_list":["post-1331","page","type-page","status-publish","hentry"],"_links":{"self":[{"href":"https:\/\/jbmtecnologias.com\/tec\/wp-json\/wp\/v2\/pages\/1331","targetHints":{"allow":["GET"]}}],"collection":[{"href":"https:\/\/jbmtecnologias.com\/tec\/wp-json\/wp\/v2\/pages"}],"about":[{"href":"https:\/\/jbmtecnologias.com\/tec\/wp-json\/wp\/v2\/types\/page"}],"author":[{"embeddable":true,"href":"https:\/\/jbmtecnologias.com\/tec\/wp-json\/wp\/v2\/users\/1"}],"replies":[{"embeddable":true,"href":"https:\/\/jbmtecnologias.com\/tec\/wp-json\/wp\/v2\/comments?post=1331"}],"version-history":[{"count":0,"href":"https:\/\/jbmtecnologias.com\/tec\/wp-json\/wp\/v2\/pages\/1331\/revisions"}],"up":[{"embeddable":true,"href":"https:\/\/jbmtecnologias.com\/tec\/wp-json\/wp\/v2\/pages\/1468"}],"wp:attachment":[{"href":"https:\/\/jbmtecnologias.com\/tec\/wp-json\/wp\/v2\/media?parent=1331"}],"curies":[{"name":"wp","href":"https:\/\/api.w.org\/{rel}","templated":true}]}}