{"id":13139,"date":"2022-08-09T20:25:23","date_gmt":"2022-08-10T02:25:23","guid":{"rendered":"https:\/\/www.cancun.tecnm.mx\/?page_id=13139"},"modified":"2022-08-09T20:25:23","modified_gmt":"2022-08-10T02:25:23","slug":"resultados-de-admision","status":"publish","type":"page","link":"https:\/\/jbmtecnologias.com\/tec\/resultados-de-admision\/","title":{"rendered":"Resultados Examen de Admisi\u00f3n"},"content":{"rendered":"\n<h1 style=\"text-align: center;\">Resultados Examen de Admisi\u00f3n 1er convocatoria, 2024 Escolarizado<\/h1>\n\n<div class=\"boton-examen\" style=\"width: 100%\">\n<a href=\"https:\/\/www.cancun.tecnm.mx\/wp-content\/uploads\/2024\/04\/INGENIERIA-FERROVIARIA.pdf\" target=\"_blank\" rel=\"noopener\">Ing. Ferroviaria<\/a>\n\n<a href=\"https:\/\/www.cancun.tecnm.mx\/wp-content\/uploads\/2024\/04\/CONTADOR-PUBLICO-TM.pdf\" target=\"_blank\" rel=\"noopener\">Contador P\u00fablico TM<\/a>\t\n\n<a href=\"https:\/\/www.cancun.tecnm.mx\/wp-content\/uploads\/2024\/04\/CONTADOR-PUBLICO-TV.pdf\" target=\"_blank\" rel=\"noopener\">Contador P\u00fablico TV<\/a>\t\n\n<a href=\"https:\/\/www.cancun.tecnm.mx\/wp-content\/uploads\/2024\/04\/LIC-ADMIN-TM.pdf\" target=\"_blank\" rel=\"noopener\">Licenciatura en Administraci\u00f3n TM<\/a>\n\n<a href=\"https:\/\/www.cancun.tecnm.mx\/wp-content\/uploads\/2024\/04\/LIC-ADMIN-TV.pdf\" target=\"_blank\" rel=\"noopener\">Licenciatura en Administraci\u00f3n TV<\/a>\t\n\n<\/div>\n\n\n\n<div class=\"boton-examen\" style=\"width: 100%\">\n\n<a href=\"https:\/\/www.cancun.tecnm.mx\/wp-content\/uploads\/2024\/04\/SISTEMAS-TM.pdf\" target=\"_blank\" rel=\"noopener\">Ingenier\u00eda en Sistemas Computacionales TM<\/a>\n\n<a href=\"https:\/\/www.cancun.tecnm.mx\/wp-content\/uploads\/2024\/04\/SISTEMAS-TV.pdf\" target=\"_blank\" rel=\"noopener\">Ingenier\u00eda en Sistemas Computacionales TV<\/a>\n\n<a href=\"https:\/\/www.cancun.tecnm.mx\/wp-content\/uploads\/2024\/04\/MECATRONICA-TM.pdf\" target=\"_blank\" rel=\"noopener\">Ingenier\u00eda Mecatr\u00f3nica TM<\/a>\n\n<a href=\"https:\/\/www.cancun.tecnm.mx\/wp-content\/uploads\/2024\/04\/MECATRONICA-TV.pdf\" target=\"_blank\" rel=\"noopener\">Ingenier\u00eda Mecatr\u00f3nica TV<\/a>\n\n<a href=\"https:\/\/www.cancun.tecnm.mx\/wp-content\/uploads\/2024\/04\/TURISMO-TM.pdf\" target=\"_blank\" rel=\"noopener\">TURISMO TM<\/a>\n\n<a href=\"https:\/\/www.cancun.tecnm.mx\/wp-content\/uploads\/2024\/04\/TURISMO-TV.pdf\" target=\"_blank\" rel=\"noopener\">TURISMO TV<\/a>\n<\/div>\n\n<div class=\"boton-examen\" style=\"width: 100%\">\n\n<a href=\"https:\/\/www.cancun.tecnm.mx\/wp-content\/uploads\/2024\/04\/ARQUI-TM.pdf\" target=\"_blank\" rel=\"noopener\">ARQUITECTURA TM<\/a>\n\n<a href=\"https:\/\/www.cancun.tecnm.mx\/wp-content\/uploads\/2024\/04\/ARQUI-TV.pdf\" target=\"_blank\" rel=\"noopener\">ARQUITECTURA TV<\/a>\n\n<a href=\"https:\/\/www.cancun.tecnm.mx\/wp-content\/uploads\/2024\/04\/CIVIL-TM.pdf\" target=\"_blank\" rel=\"noopener\">CIVIL TM<\/a>\n\n<a href=\"https:\/\/www.cancun.tecnm.mx\/wp-content\/uploads\/2024\/04\/CIVIL-TV.pdf\" target=\"_blank\" rel=\"noopener\">CIVIL TV<\/a>\n\n<a href=\"https:\/\/www.cancun.tecnm.mx\/wp-content\/uploads\/2024\/04\/ELECTROMECANICA-TM.pdf\" target=\"_blank\" rel=\"noopener\">ELECTROMECANICA TM<\/a>\n<\/div>\n\n<div class=\"boton-examen\" style=\"width: 100%\">\n<a href=\"https:\/\/www.cancun.tecnm.mx\/wp-content\/uploads\/2024\/04\/ELECTROMECANICA-TV.pdf\" target=\"_blank\" rel=\"noopener\">ELECTROMECANICA TV<\/a>\n\n<a href=\"https:\/\/www.cancun.tecnm.mx\/wp-content\/uploads\/2024\/04\/IGE-TM.pdf\" target=\"_blank\" rel=\"noopener\">IGE TM<\/a>\n\n<\/div>\n\n\n\n<h1 style=\"text-align: center;\">Resultados Examen de Admisi\u00f3n 2da Convocatoria 2024 Escolarizado<\/h1>\n<div class=\"boton-examen\" style=\"width: 100%\">\n<a href=\"https:\/\/www.cancun.tecnm.mx\/wp-content\/uploads\/2024\/05\/ARQUI-TV.pdf\" target=\"_blank\" rel=\"noopener\">Arquitectura TV<\/a>\n<div class=\"boton-examen\" style=\"width: 100%\">\n<a href=\"https:\/\/www.cancun.tecnm.mx\/wp-content\/uploads\/2024\/05\/CIVIL-TV.pdf\" target=\"_blank\" rel=\"noopener\">Ing Civil TV<\/a>\n<div class=\"boton-examen\" style=\"width: 100%\">\n<a href=\"https:\/\/www.cancun.tecnm.mx\/wp-content\/uploads\/2024\/05\/ELECTROMECANICA-TV.pdf\" target=\"_blank\" rel=\"noopener\">Ing Electromec\u00e1nica TV<\/a>\n<div class=\"boton-examen\" style=\"width: 100%\">\n<a href=\"https:\/\/www.cancun.tecnm.mx\/wp-content\/uploads\/2024\/05\/CONTADOR-PUBLICO-TV.pdf\" target=\"_blank\" rel=\"noopener\">Contador P\u00fablico TV<\/a>\n<div class=\"boton-examen\" style=\"width: 100%\">\n<a href=\"https:\/\/www.cancun.tecnm.mx\/wp-content\/uploads\/2024\/05\/IGE-TM.pdf\" target=\"_blank\" rel=\"noopener\">Ing Gesti\u00f3n Empresarial TM<\/a>\n<div class=\"boton-examen\" style=\"width: 100%\">\n<a href=\"https:\/\/www.cancun.tecnm.mx\/wp-content\/uploads\/2024\/05\/LIC-ADMIN-TV.pdf\" target=\"_blank\" rel=\"noopener\">Lic en Administraci\u00f3n TV<\/a>\n<div class=\"boton-examen\" style=\"width: 100%\">\n<a href=\"https:\/\/www.cancun.tecnm.mx\/wp-content\/uploads\/2024\/05\/MECATRONICA-TV.pdf\" target=\"_blank\" rel=\"noopener\">Ing Mecatr\u00f3nica TV<\/a>\n<div class=\"boton-examen\" style=\"width: 100%\">\n<a href=\"https:\/\/www.cancun.tecnm.mx\/wp-content\/uploads\/2024\/05\/TURISMO-TV.pdf\" target=\"_blank\" rel=\"noopener\">Lic Turismo TV<\/a>\n<div class=\"boton-examen\" style=\"width: 100%\">\n<a href=\"https:\/\/www.cancun.tecnm.mx\/wp-content\/uploads\/2024\/05\/SISTEMAS-TV.pdf\" target=\"_blank\" rel=\"noopener\">Ing Sistemas Computacionales<\/a>\n<\/div><\/div><\/div><\/div><\/div><\/div><\/div><\/div><\/div>\n\n\n\n<h1 style=\"text-align: center;\">Resultados Examen de Admisi\u00f3n 3ra Convocatoria 2024 Escolarizado<\/h1>\n<div class=\"boton-examen\" style=\"width: 100%\">\n\n<a href=\"https:\/\/www.cancun.tecnm.mx\/wp-content\/uploads\/2024\/07\/ARQUI-TV.pdf\" target=\"_blank\" rel=\"noopener\">Arquitectura TV<\/a>\n\n<div class=\"boton-examen\" style=\"width: 100%\">\n<a href=\"https:\/\/www.cancun.tecnm.mx\/wp-content\/uploads\/2024\/06\/3ra_CIVIL-TV.pdf\" target=\"_blank\" rel=\"noopener\">Ing Civil TV<\/a>\n\n<div class=\"boton-examen\" style=\"width: 100%\">\n<a href=\"https:\/\/www.cancun.tecnm.mx\/wp-content\/uploads\/2024\/07\/CONTADOR-PUBLICO-TV.pdf\" target=\"_blank\" rel=\"noopener\">Contador P\u00fablico TV<\/a>\n\n<div class=\"boton-examen\" style=\"width: 100%\">\n<a href=\"https:\/\/www.cancun.tecnm.mx\/wp-content\/uploads\/2024\/06\/3ra_ELECTROMECANICA-TV.pdf\" target=\"_blank\" rel=\"noopener\">Electromec\u00e1nica TV<\/a>\n\n<div class=\"boton-examen\" style=\"width: 100%\">\n<a href=\"https:\/\/www.cancun.tecnm.mx\/wp-content\/uploads\/2024\/06\/3ra_IGE-TM.pdf\" target=\"_blank\" rel=\"noopener\">Ing Gesti\u00f3n Empresarial TM<\/a>\n\n<div class=\"boton-examen\" style=\"width: 100%\">\n<a href=\"https:\/\/www.cancun.tecnm.mx\/wp-content\/uploads\/2024\/06\/3ra_INGENIERIA-FERROVIARIA.pdf\" target=\"_blank\" rel=\"noopener\">Ing. Ferroviaria TV<\/a>\n\n<div class=\"boton-examen\" style=\"width: 100%\">\n<a href=\"https:\/\/www.cancun.tecnm.mx\/wp-content\/uploads\/2024\/07\/TURISMO-TV.pdf\" target=\"_blank\" rel=\"noopener\">Lic Turismo TV<\/a>\n\n<div class=\"boton-examen\" style=\"width: 100%\">\n<a href=\"https:\/\/www.cancun.tecnm.mx\/wp-content\/uploads\/2024\/07\/LIC-ADMIN-TV.pdf\" target=\"_blank\" rel=\"noopener\">Lic. en Administraci\u00f3n TV<\/a>\n\n<div class=\"boton-examen\" style=\"width: 100%\">\n<a href=\"https:\/\/www.cancun.tecnm.mx\/wp-content\/uploads\/2024\/07\/MECATRONICA-TV.pdf\" target=\"_blank\" rel=\"noopener\">Ing Mecatronica TV<\/a>\n\n<div class=\"boton-examen\" style=\"width: 100%\">\n<a href=\"https:\/\/www.cancun.tecnm.mx\/wp-content\/uploads\/2024\/06\/3ra_SISTEMAS-TV.pdf\" target=\"_blank\" rel=\"noopener\">Ing Sistemas Computacionales<\/a>\n\n<\/div><\/div><\/div><\/div><\/div><\/div><\/div><\/div><\/div><\/div>\n\n\n\n<h1 style=\"text-align: center;\">Resultados Examen de Admisi\u00f3n 4ta Convocatoria 2024 Escolarizado<\/h1>\n<div class=\"boton-examen\" style=\"width: 100%\">\n\n<a href=\"https:\/\/www.cancun.tecnm.mx\/wp-content\/uploads\/2024\/07\/CIVIL-TV-2.pdf\" target=\"_blank\" rel=\"noopener\">Ing Civil TV<\/a>\n\n<div class=\"boton-examen\" style=\"width: 100%\">\n<a href=\"https:\/\/www.cancun.tecnm.mx\/wp-content\/uploads\/2024\/07\/CONTADOR-PUBLICO-TV-2.pdf\" target=\"_blank\" rel=\"noopener\">Contador P\u00fablico TV<\/a>\n\n<div class=\"boton-examen\" style=\"width: 100%\">\n<a href=\"https:\/\/www.cancun.tecnm.mx\/wp-content\/uploads\/2024\/07\/ELECTROMECANICA-TV-1.pdf\" target=\"_blank\" rel=\"noopener\"> Electromec\u00e1nica TV <\/a>\n\n<div class=\"boton-examen\" style=\"width: 100%\">\n<a href=\"https:\/\/www.cancun.tecnm.mx\/wp-content\/uploads\/2024\/07\/IGE-TM.pdf\" target=\"_blank\" rel=\"noopener\"> Ing Gesti\u00f3n Empresarial TM <\/a>\n\n<div class=\"boton-examen\" style=\"width: 100%\">\n<a href=\"https:\/\/www.cancun.tecnm.mx\/wp-content\/uploads\/2024\/07\/LIC-ADMIN-TV-2.pdf\" target=\"_blank\" rel=\"noopener\">Lic. en Administraci\u00f3n TV <\/a>\n\n<div class=\"boton-examen\" style=\"width: 100%\">\n<a href=\"https:\/\/www.cancun.tecnm.mx\/wp-content\/uploads\/2024\/07\/MECATRONICA-TV-2.pdf\" target=\"_blank\" rel=\"noopener\">Ing Mecatronica TV<\/a>\n\n<div class=\"boton-examen\" style=\"width: 100%\">\n<a href=\"https:\/\/www.cancun.tecnm.mx\/wp-content\/uploads\/2024\/07\/TURISMO-TV-2.pdf\" target=\"_blank\" rel=\"noopener\">Lic Turismo TV<\/a>\n\n<div class=\"boton-examen\" style=\"width: 100%\">\n<a href=\"https:\/\/www.cancun.tecnm.mx\/wp-content\/uploads\/2024\/07\/SISTEMAS-TV.pdf\" target=\"_blank\" rel=\"noopener\">Ing Sistemas Computacionales<\/a>\n\n<\/div><\/div><\/div><\/div><\/div><\/div><\/div><\/div>\n\n\n\n<!--\n<div class=\"boton-examen\" style=\"width: 100%\">\n\n<a href=\"https:\/\/www.cancun.tecnm.mx\/wp-content\/uploads\/2024\/04\/SISTEMAS-TM.pdf\" target=\"_blank\" rel=\"noopener\">Ingenier\u00eda en Sistemas Computacionales TM<\/a>\n\n<a href=\"https:\/\/www.cancun.tecnm.mx\/wp-content\/uploads\/2024\/04\/SISTEMAS-TV.pdf\" target=\"_blank\" rel=\"noopener\">Ingenier\u00eda en Sistemas Computacionales TV<\/a>\n\n<a href=\"https:\/\/www.cancun.tecnm.mx\/wp-content\/uploads\/2024\/04\/MECATRONICA-TM.pdf\" target=\"_blank\" rel=\"noopener\">Ingenier\u00eda Mecatr\u00f3nica TM<\/a>\n\n<a href=\"https:\/\/www.cancun.tecnm.mx\/wp-content\/uploads\/2024\/04\/MECATRONICA-TV.pdf\" target=\"_blank\" rel=\"noopener\">Ingenier\u00eda Mecatr\u00f3nica TV<\/a>\n\n<a href=\"https:\/\/www.cancun.tecnm.mx\/wp-content\/uploads\/2024\/04\/TURISMO-TM.pdf\" target=\"_blank\" rel=\"noopener\">TURISMO TM<\/a>\n\n<a href=\"https:\/\/www.cancun.tecnm.mx\/wp-content\/uploads\/2024\/04\/TURISMO-TV.pdf\" target=\"_blank\" rel=\"noopener\">TURISMO TV<\/a>\n<\/div>\n\n<div class=\"boton-examen\" style=\"width: 100%\">\n\n<a href=\"https:\/\/www.cancun.tecnm.mx\/wp-content\/uploads\/2024\/04\/ARQUI-TM.pdf\" target=\"_blank\" rel=\"noopener\">ARQUITECTURA TM<\/a>\n\n<a href=\"https:\/\/www.cancun.tecnm.mx\/wp-content\/uploads\/2024\/04\/ARQUI-TV.pdf\" target=\"_blank\" rel=\"noopener\">ARQUITECTURA TV<\/a>\n\n<a href=\"https:\/\/www.cancun.tecnm.mx\/wp-content\/uploads\/2024\/04\/CIVIL-TM.pdf\" target=\"_blank\" rel=\"noopener\">CIVIL TM<\/a>\n\n<a href=\"https:\/\/www.cancun.tecnm.mx\/wp-content\/uploads\/2024\/04\/CIVIL-TV.pdf\" target=\"_blank\" rel=\"noopener\">CIVIL TV<\/a>\n\n<a href=\"https:\/\/www.cancun.tecnm.mx\/wp-content\/uploads\/2024\/04\/ELECTROMECANICA-TM.pdf\" target=\"_blank\" rel=\"noopener\">ELECTROMECANICA TM<\/a>\n<\/div>\n\n<div class=\"boton-examen\" style=\"width: 100%\">\n<a href=\"https:\/\/www.cancun.tecnm.mx\/wp-content\/uploads\/2024\/04\/ELECTROMECANICA-TV.pdf\" target=\"_blank\" rel=\"noopener\">ELECTROMECANICA TV<\/a>\n\n<a href=\"https:\/\/www.cancun.tecnm.mx\/wp-content\/uploads\/2024\/04\/IGE-TM.pdf\" target=\"_blank\" rel=\"noopener\">IGE TM<\/a>\n\n<\/div>\n-->\n\n<h1 style=\"text-align: center;\">Resultados Examen de Admisi\u00f3n 2024 1er Convocatoria Distancia<\/h1>\n<h3 style=\"text-align: center;\">Unidad &#8220;La Pantera&#8221;<\/h3>\n\n\n<div class=\"boton-examen\" style=\"width: 100%\">\n\n\n<a href=\"https:\/\/www.cancun.tecnm.mx\/wp-content\/uploads\/2024\/04\/INGENIERIA-EN-SISTEMAS-COMPUTACIONALES-UNIDAD-LA-PANTERA.pdf\" target=\"_blank\" rel=\"noopener\">Ing. Sistemas Computacionales<\/a>\n\n<a href=\"https:\/\/www.cancun.tecnm.mx\/wp-content\/uploads\/2024\/05\/LICENCIATURA-EN-ADMINISTRACION-UNIDAD-LA-PANTERA.pdf\" target=\"_blank\" rel=\"noopener\">Licenciatura en Administraci\u00f3n<\/a>\n\n\n<\/div>\n\n\n<h3 style=\"text-align: center;\">Unidad &#8220;Chunhuhub&#8221;<\/h3>\n<div class=\"boton-examen\" style=\"width: 100%\">\n<a href=\"https:\/\/www.cancun.tecnm.mx\/wp-content\/uploads\/2024\/05\/INGENIERIA-EN-SISTEMAS-COMPUTACIONALES-UNIDAD-CHUNHUHUB.pdf\" target=\"_blank\" rel=\"noopener\">Ing. Sistemas Computacionales<\/a>\n<a href=\"https:\/\/www.cancun.tecnm.mx\/wp-content\/uploads\/2024\/05\/LICENCIATURA-EN-ADMINISTRACION-UNIDAD-CHUNHUHUB.pdf\" target=\"_blank\" rel=\"noopener\">Licenciatura en Administraci\u00f3n<\/a>\n<\/div>\n\n\n<h3 style=\"text-align: center;\">Unidad &#8220;Puerto Morelos&#8221;<\/h3>\n<div class=\"boton-examen\" style=\"width: 100%\">\n<a href=\"https:\/\/www.cancun.tecnm.mx\/wp-content\/uploads\/2024\/05\/INGENIERIA-EN-SISTEMAS-COMPUTACIONALES-UNIDAD-PUERTO-MORELOS.pdf\" target=\"_blank\" rel=\"noopener\">Ing. Sistemas Computacionales<\/a>\n<a href=\"https:\/\/www.cancun.tecnm.mx\/wp-content\/uploads\/2024\/05\/LICENCIATURA-EN-ADMINISTRACION-UNIDAD-PUERTO-MORELOS.pdf\" target=\"_blank\" rel=\"noopener\">Licenciatura en Administraci\u00f3n<\/a>\n<\/div>\n\n<!--------------       2da convocatoria distancia --------------->\n\n<h1 style=\"text-align: center;\">Resultados Examen de 2da Admisi\u00f3n 2024 Distancia<\/h1>\n<h3 style=\"text-align: center;\">Unidad &#8220;La Pantera&#8221;<\/h3>\n\n<div class=\"boton-examen\" style=\"width: 100%\">\n\n<a href=\"https:\/\/www.cancun.tecnm.mx\/wp-content\/uploads\/2024\/06\/1.-INGENIERIA-EN-SISTEMAS-COMPUTACIONALES-UNIDAD-LA-PANTERA.pdf\" target=\"_blank\" rel=\"noopener\">Ing. Sistemas Computacionales<\/a>\n\n<a href=\"https:\/\/www.cancun.tecnm.mx\/wp-content\/uploads\/2024\/06\/2.-LICENCIATURA-EN-ADMINISTRACION-UNIDAD-LA-PANTERA.pdf\" target=\"_blank\" rel=\"noopener\">Licenciatura en Administraci\u00f3n<\/a>\n\n<\/div>\n\n<h3 style=\"text-align: center;\">Unidad &#8220;Chunhuhub&#8221;<\/h3>\n<div class=\"boton-examen\" style=\"width: 100%\">\n\n<span>&#8212;&#8212;&#8211;<\/span>\n<\/div>\n\n\n<h3 style=\"text-align: center;\">Unidad &#8220;Puerto Morelos&#8221;<\/h3>\n<div class=\"boton-examen\" style=\"width: 100%\">\n<a href=\"https:\/\/www.cancun.tecnm.mx\/wp-content\/uploads\/2024\/06\/3.-INGENIERIA-EN-SISTEMAS-COMPUTACIONALES-UNIDAD-PUERTO-MORELOS.pdf\" target=\"_blank\" rel=\"noopener\">Ing. Sistemas Computacionales<\/a>\n\n<a href=\"https:\/\/www.cancun.tecnm.mx\/wp-content\/uploads\/2024\/06\/3.-INGENIERIA-EN-SISTEMAS-COMPUTACIONALES-UNIDAD-PUERTO-MORELOS.pdf\" target=\"_blank\" rel=\"noopener\">Licenciatura en Administraci\u00f3n<\/a>\n<\/div>\n\n\n<!-------------- termina 2da convocatoria distancia ----------------->\n\n\n<!--------------      3ra convocatoria distancia --------------->\n\n<h1 style=\"text-align: center;\">Resultados Examen de 3ra Admisi\u00f3n 2024 Distancia<\/h1>\n<h3 style=\"text-align: center;\">Unidad &#8220;La Pantera&#8221;<\/h3>\n\n<div class=\"boton-examen\" style=\"width: 100%\">\n\n<a href=\"https:\/\/www.cancun.tecnm.mx\/wp-content\/uploads\/2024\/06\/3ra_1.-LICENCIATURA-EN-ADMINISTRACION-UNIDAD-LA-PANTERA.pdf\" target=\"_blank\" rel=\"noopener\">Licenciatura en Administraci\u00f3n<\/a>\n\n<\/div>\n\n<h3 style=\"text-align: center;\">Unidad &#8220;Chunhuhub&#8221;<\/h3>\n<div class=\"boton-examen\" style=\"width: 100%\">\n<a href=\"https:\/\/www.cancun.tecnm.mx\/wp-content\/uploads\/2024\/06\/3ra_2.-ING-SISTEMAS-UNIDAD-CHUNHUHUB.pdf\" target=\"_blank\" rel=\"noopener\">Ing. Sistemas Computacionales<\/a>\n\n<a href=\"https:\/\/www.cancun.tecnm.mx\/wp-content\/uploads\/2024\/06\/3ra_3.-LIC-ADMINISTRACION-UNIDAD-CHUNHUHUB.pdf\" target=\"_blank\" rel=\"noopener\">Licenciatura en Administraci\u00f3n<\/a>\n<\/div>\n\n\n<h3 style=\"text-align: center;\">Unidad &#8220;Puerto Morelos&#8221;<\/h3>\n<div class=\"boton-examen\" style=\"width: 100%\">\n<a href=\"https:\/\/www.cancun.tecnm.mx\/wp-content\/uploads\/2024\/06\/3ra_4.-ING-SISTEMAS-UNIDAD-PUERTO-MORELOS-.pdf\" target=\"_blank\" rel=\"noopener\">Ing. Sistemas Computacionales<\/a>\n\n<a href=\"https:\/\/www.cancun.tecnm.mx\/wp-content\/uploads\/2024\/06\/3ra_5.-LIC-ADMINISTRACION-UNIDAD-PUERTO-MORELOS-.pdf\" target=\"_blank\" rel=\"noopener\">Licenciatura en Administraci\u00f3n<\/a>\n<\/div>\n\n<h3 style=\"text-align: center;\">Unidad &#8220;IGNACIO ZARAGOZA&#8221;<\/h3>\n<div class=\"boton-examen\" style=\"width: 100%\">\n\n<a href=\"https:\/\/www.cancun.tecnm.mx\/wp-content\/uploads\/2024\/06\/3ra_6.-LIC-ADMINISTRACION-IGNACIO-ZARAGOZA.pdf\" target=\"_blank\" rel=\"noopener\">Licenciatura en Administraci\u00f3n<\/a>\n<\/div>\n\n<!-------------- termina 3ra convocatoria distancia ----------------->\n\n<!--------------      4ta convocatoria distancia --------------->\n\n<h1 style=\"text-align: center;\">Resultados Examen de 4ta Admisi\u00f3n 2024 Distancia<\/h1>\n<h3 style=\"text-align: center;\">Unidad &#8220;La Pantera&#8221;<\/h3>\n\n<div class=\"boton-examen\" style=\"width: 100%\">\n\n<a href=\"https:\/\/www.cancun.tecnm.mx\/wp-content\/uploads\/2024\/07\/LICENCIATURA-EN-ADMINISTRACION-UNIDAD-LA-PANTERA.pdf\" target=\"_blank\" rel=\"noopener\">Licenciatura en Administraci\u00f3n<\/a>\n\n<\/div>\n\n<h3 style=\"text-align: center;\">Unidad &#8220;Chunhuhub&#8221;<\/h3>\n<div class=\"boton-examen\" style=\"width: 100%\">\n<a href=\"https:\/\/www.cancun.tecnm.mx\/wp-content\/uploads\/2024\/07\/ING-SISTEMAS-UNIDAD-CHUNHUHUB.pdf\" target=\"_blank\" rel=\"noopener\">Ing. Sistemas Computacionales<\/a>\n\n<\/div>\n\n\n<h3 style=\"text-align: center;\">Unidad &#8220;Puerto Morelos&#8221;<\/h3>\n<div class=\"boton-examen\" style=\"width: 100%\">\n<a href=\"https:\/\/www.cancun.tecnm.mx\/wp-content\/uploads\/2024\/07\/ING-SISTEMAS-UNIDAD-PUERTO-MORELOS-.pdf\" target=\"_blank\" rel=\"noopener\">Ing. Sistemas Computacionales<\/a>\n\n<a href=\"https:\/\/www.cancun.tecnm.mx\/wp-content\/uploads\/2024\/07\/LIC-ADMINISTRACION-UNIDAD-PUERTO-MORELOS.pdf\" target=\"_blank\" rel=\"noopener\">Licenciatura en Administraci\u00f3n<\/a>\n\n<\/div>\n\n<h3 style=\"text-align: center;\">Unidad &#8220;IGNACIO ZARAGOZA&#8221;<\/h3>\n<div class=\"boton-examen\" style=\"width: 100%\">\n\n<a href=\"https:\/\/www.cancun.tecnm.mx\/wp-content\/uploads\/2024\/07\/ING-SISTEMAS-IGNACIO-ZARAGOZA-1.pdf\" target=\"_blank\" rel=\"noopener\">Ing. Sistemas Computacionales<\/a>\n\n<a href=\"https:\/\/www.cancun.tecnm.mx\/wp-content\/uploads\/2024\/07\/LIC-ADMINISTRACION-IGNACIO-ZARAGOZA-1.pdf\" target=\"_blank\" rel=\"noopener\">Licenciatura en Administraci\u00f3n<\/a>\n<\/div>\n\n<!-------------- termina 4ta convocatoria distancia ----------------->\n\n<div class=\"boton-examen\" style=\"width: 100%\">\n<!--\n<a href=\"https:\/\/cancun.tecnm.mx\/wp-content\/themes\/itcancun\/documents\/resultados\/2022\/Ingenieri%c3%aca%20en%20Administracio%c3%acn.pdf\">Ingenier\u00eda en Administraci\u00f3n<\/a>\n-->\n<!--\n<a href=\"https:\/\/www.cancun.tecnm.mx\/wp-content\/uploads\/2023\/08\/RESULTADOS-10-INGENIERIA-EN-GESTION-EMPRESARIAL-MAT-01A.pdf\" target=\"_blank\" rel=\"noopener\">Ingenier\u00eda en Gesti\u00f3n Empresarial<\/a>\n\n<a href=\"https:\/\/www.cancun.tecnm.mx\/wp-content\/uploads\/2023\/08\/RESULTADOS-9-INGENIERIA-CIVIL-VESP-01C.pdf\" target=\"_blank\" rel=\"noopener\">Ingenier\u00eda Civil<\/a>\n\n<\/div>\n\n<div class=\"boton-examen\" style=\"width: 100%\">\n\n<a href=\"https:\/\/www.cancun.tecnm.mx\/wp-content\/uploads\/2023\/08\/UNIDO-RESULTADOS-7-INGENIERIA-EN-SISTEMAS-COMPUTACIONALES-MAT-01A.pdf\" target=\"_blank\" rel=\"noopener\">Ingenier\u00eda en Sistemas Computacionales<\/a>\n\n<a href=\"https:\/\/www.cancun.tecnm.mx\/wp-content\/uploads\/2023\/08\/RESULTADOS-11-INGENIERIA-MECATRONICA-VESP-01B.pdf\" target=\"_blank\" rel=\"noopener\">Ingenier\u00eda Mecatr\u00f3nica<\/a>\n\n<a href=\"https:\/\/www.cancun.tecnm.mx\/wp-content\/uploads\/2023\/08\/RESULTADOS-3-INGENIERIA-ELECTROMECANICA-MAT-01A.pdf\" target=\"_blank\" rel=\"noopener\">Ingenier\u00eda Electromec\u00e1nica<\/a>\n\n<\/div>\nfin de comentario\n-->\n\n<!--\n<h1 style=\"text-align: center;\">Resultados de Admisi\u00f3n Posgrado<\/h1>\n\n<div class=\"boton-examen\" style=\"width: 100%\">\n<a href=\"#\">MAESTR\u00cdA EN CIENCIAS AMBIENTALES<\/a>\n<\/div><\/div>--><\/div>\n","protected":false},"excerpt":{"rendered":"<p>Resultados Examen de Admisi\u00f3n 1er convocatoria, 2024 Escolarizado Ing. Ferroviaria Contador P\u00fablico TM Contador P\u00fablico TV Licenciatura en Administraci\u00f3n TM Licenciatura en Administraci\u00f3n TV Ingenier\u00eda en Sistemas Computacionales TM Ingenier\u00eda en Sistemas Computacionales TV Ingenier\u00eda Mecatr\u00f3nica TM Ingenier\u00eda Mecatr\u00f3nica TV TURISMO TM TURISMO TV ARQUITECTURA TM ARQUITECTURA TV CIVIL TM CIVIL TV ELECTROMECANICA TM ELECTROMECANICA [&hellip;]<\/p>\n","protected":false},"author":1,"featured_media":0,"parent":0,"menu_order":0,"comment_status":"closed","ping_status":"closed","template":"","meta":{"footnotes":""},"class_list":["post-13139","page","type-page","status-publish","hentry"],"_links":{"self":[{"href":"https:\/\/jbmtecnologias.com\/tec\/wp-json\/wp\/v2\/pages\/13139","targetHints":{"allow":["GET"]}}],"collection":[{"href":"https:\/\/jbmtecnologias.com\/tec\/wp-json\/wp\/v2\/pages"}],"about":[{"href":"https:\/\/jbmtecnologias.com\/tec\/wp-json\/wp\/v2\/types\/page"}],"author":[{"embeddable":true,"href":"https:\/\/jbmtecnologias.com\/tec\/wp-json\/wp\/v2\/users\/1"}],"replies":[{"embeddable":true,"href":"https:\/\/jbmtecnologias.com\/tec\/wp-json\/wp\/v2\/comments?post=13139"}],"version-history":[{"count":0,"href":"https:\/\/jbmtecnologias.com\/tec\/wp-json\/wp\/v2\/pages\/13139\/revisions"}],"wp:attachment":[{"href":"https:\/\/jbmtecnologias.com\/tec\/wp-json\/wp\/v2\/media?parent=13139"}],"curies":[{"name":"wp","href":"https:\/\/api.w.org\/{rel}","templated":true}]}}